3
What is 12 + 0 + (-17 - 3) + 9?
1
What is -6 + (-38 + 39 - (-10 - -2)) + 20?
23
Evaluate -18 - (-9 - (16 + -7)) - -30.
30
What is (-5 - (-2 + 2)) + (2 - -4)?
1
Evaluate 0 - (25 - ((2 - -1) + 6)).
-16
Evaluate 27 - (-8 - -31) - (9 + (2 - 2)).
-5
What is -1 + (-3 - (0 + -5 - -16))?
-15
-5 + (-2 + 2 + 0 - (22 + -24))
-3
Evaluate -4 + 15 - (16 - 1) - -31.
27
What is 3 + (271 - 270 - (2 - 2 - -19))?
-15
Calculate 9 - 3 - (7 + (-11 - -9)).
1
-3 + (10 + 2 - 6) + -9
-6
3 - (9 - -4) - (82 - 105)
13
What is 3 + (-10 - -9) - (-22 + (2 - -1))?
21
-16 + (102 - 43) + -81
-38
What is the value of -101 + 30 - 6 - -44?
-33
Evaluate 11 + -16 + 15 + -9 + 1 + 4.
6
What is the value of -8 + 9 - (-22 + 15)?
8
What is -5 - (-10 + (0 - -5) + (-32 - -29))?
3
-11 - 5 - 11 - -17
-10
Calculate 18 + 16 + -64 + 18.
-12
17 - (62 - (11 - -9))
-25
Evaluate 7 - ((-3 - (6 - 1)) + -1 + 1).
15
Evaluate 9 + (4 - (1 - -5)) - (0 - 0).
7
What is the value of -18 - (-2 - 0) - (-259 + 252)?
-9
35 - ((65 - 36) + -10)
16
Calculate -28 - (-10 - -12 - 21).
-9
Calculate 1 + (4 - (-5 - (-7 + 4 + -3))).
4
Calculate (11 - 5) + -1 - (3 + -7 + -1).
10
Evaluate (-1 - -11) + -176 + 169.
3
Evaluate -5 - (-19 + (11 - 0)).
3
What is the value of 14 - ((-45 - -36) + 1 + 18)?
4
What is (2 + -1 - -3) + (122 - 123)?
3
What is the value of (-11 - 7) + (-6 + 9 - 5 - -2)?
-18
Calculate 7 + 11 + -2 - (-2 - -9).
9
Calculate 10 + (-19 - -11) + 3 + 5.
10
Evaluate -101 - -100 - (-6 + 8 + (-10 - 0)).
7
What is the value of (-1 - 3) + (14 + -3 - -5 - -1)?
13
Evaluate -2 + -5 - (2 - (15 - 12)).
-6
What is the value of -9 - (16 + -14 + 5)?
-16
-16 + (15 - -17) - 27
-11
Calculate -6 - -6 - 3 - 7.
-10
Evaluate 0 - (1 + 5) - (-157 + 157) - 13.
-19
What is the value of (8 - 10) + -12 + (-6 - -5 - -6)?
-9
What is the value of (-5 + 2 - 0) + (126 - 115) + 21?
29
405 + -392 - (0 + 7)
6
-164 - -155 - (-1 - -1 - 2)
-7
Calculate 11 + (-36 - -15) - -19.
9
-13 - (-4 + -2) - (-13 + -3)
9
What is the value of -3 - (7 - (9 - 4) - (-3 - -9))?
1
Evaluate 26 - (-10 + (-12 - -6 - -33)).
9
What is (-2 - (2 + 6)) + (27 + -15 - -25)?
27
(-5 - 5) + -8 - -14
-4
Evaluate -22 + (10 - 11) + -5.
-28
Evaluate -1 + (10 - -4 - 4) + 8.
17
What is -4 + (-12 - -14) + 9?
7
Evaluate 134 + -133 - (2 + -10).
9
What is the value of -4 - (-3 + (8 - -3)) - 0?
-12
Evaluate (26 - 19) + (8 - (3 + -1)).
13
Evaluate (-2 - -12) + 70 + -60 + -6 + -1.
13
Calculate (16 - 3) + (-11 + -10 - -31).
23
What is (1 - -6) + -4 + -220 + 210?
-7
27 + (227 - 239) + (2 - -1)
18
What is the value of 31 + -2 + -14 + -31?
-16
What is -497 + 489 + (5 + -2 - 1)?
-6
What is -14 - (-15 + (10 - -3))?
-12
(9 - 8) + 8 + -7 + 14 + -7
9
What is (0 - 5) + (2 - (5 - 3)) + 0?
-5
Calculate 0 + 0 + 55 + -27 + -11.
17
36 - (16 - -2) - 19 - -13
12
-18 + 12 + -2 - 26 - -5
-29
Calculate -3 - (-5 + 13 - (-1 - -7)).
-5
Evaluate -75 + 87 + -7 - (-1 - -6).
0
What is the value of -4 + 0 - (-1295 + 1326)?
-35
What is 11 - (1 + 3) - (122 + -115)?
0
What is -2 - -7 - ((0 - -11 - 5) + -10)?
9
Calculate 20 + (-42 - (-8 - 6)).
-8
(-4 - -2 - -11) + 17 + (0 - 7)
19
-6 + -3 + 2 + 142 + -138
-3
-42 + 5 + -8 - (203 - 220)
-28
What is (-8 - (3 + -12 - -9)) + 1 - -9?
2
What is the value of 140 - 126 - (13 - 2)?
3
What is 8 + 20 + -20 - (2 - (-2 + 2))?
6
5 + (-1 + -22 - -32) - (-1 - -8)
7
What is the value of 18 + -28 + 24 + -34?
-20
What is -14 + 6 + (10 - -2) - 4?
0
Evaluate -70 + 99 + -1 + -1 + 2.
29
Calculate 5 + -20 + 27 - (25 + -2) - -47.
36
Calculate -16 + ((5 + -6 - 3) + -5 - -16).
-9
What is -21 - (40 + -56 - 23)?
18
Calculate (12 - (14 + 4 + -6)) + -6.
-6
What is the value of 19 + -9 - 18 - -2?
-6
What is the value of -177 - -94 - -96 - (6 + -1)?
8
What is the value of (16 + -13 - 18) + 11?
-4
Evaluate 6 - (-12 + (-1 - 1) + 10 - 0).
10
Evaluate (-1 - 16 - -1 - -1) + -5 + 13.
-7
Calculate 9 - (-6 + (15 - (5 + 8 + -8))).
5
23 - 10 - (-4 - -9) - 30
-22
Evaluate 0 - 6 - (6 - (-11 + 15 - -38)).
30
What is -11 - -1 - (18 + 1 + -19)?
-10
What is the value of -1 + 17 - (13 - (-2 - -9)) - -10?
20
What is -13 + (-2 - 14) + 5 + 4?
-20
Calculate (-2 - 0) + (4 - 2).
0
Calculate 13 - (-3 + 10 - -3).
3
Calculate -2 + 0 + (-13 - -7) - 4.
-12
(-12 - -32) + 24 + -24
20
Evaluate 3 - 37 - (306 + -320).
-20
Evaluate (-27 - -13) + -8 - -7.
-15
What is 225 - 210 - (15 + -2 + 0)?
2
What is the value of 0 - 6 - (4 + (8 - (-10 - -23)))?
-5
Evaluate (-9 + 2 - (-4 + -9)) + -2 - -14.
18
5 - (3 - 2) - (9 - 6 - 7)
8
What is 3 - (-6 - -9 - -3)?
-3
What is -14 + (-127 + 122 - (16 + -1))?
-34
Calculate (-15 - -1) + (0 - 5).
-19
Evaluate (4 - 5) + -19 - -2.
-18
What is 18 - (0 - ((-14 - -6) + 1))?
11
Evaluate 39 - (7 - (-38 + 38)).
32
What is (11 - 0) + -67 + 47 - -21?
12
What is (11 - 5 - 1) + 10?
15
Calculate -1194 + 1227 + (-1 - 1).
31
-198 - -190 - (-2 + 0 + (-5 - -3))
-4
-11 + (-1 - 9 - -17) - 4 - -12
4
14 + (1 - (18 + -11))
8
What is (4 - -1) + 2 + (-22 - -1) + 40?
26
Calculate 15 + (8 - 2 - 16).
5
-11 + (1 - -12) - (-8 + 31)
-21
Evaluate -8 + -2 - (2 + (-4 - -1)) - 17.
-26
Evaluate 13 + (4 - (7 + -10 - -9)).
11
(-17 - -1) + (-478 - -491) + (7 - 1)
3
1 + 2 - (9 + -2 + -20 + 15)
1
Calculate 1 + -8 + (7 - (14 + 1) - -5).
-10
What is the value of -13 + -11 + (-5 - -5) + 4?
-20
What is the value of (-36 - -36) + 2 + 11?
13
Calculate 13 + (14 - 13) - (5 + 4).
5
-2 - -10 - (-73 + 65)
16
Evaluate (-2 - -5) + 1 + 9 + 4.
17
What is -1 - (-3 + -4 + -4 - -5)?
5
Calculate 20 - (-3 + 3 + -2) - (26 - 35).
31
-34 + 18 + 18 + -2 + 10
10
Calculate (-24 - -23) + 9 + 2 + 2.
12
-1 + 19 + (-12 - (22 - 25))
9
What is the value of (-5 - -2) + (15 - (5 - (9 + -10)))?
6
Calculate -13 + 0 + 6 + -3.
-10
Calculate 8 - (-16 - ((-23 - 5) + -11)).
-15
Evaluate (-1 - 7 - (-1 - 19)) + -5.
7
(-1 - 2) + -16 - (108 - 105) - -8
-14
What is 0 + (-1 - 0) + (9 - 8 - 7)?
-7
Calculate -13 + -2 + -5 + 23.
3
What is 34 - (-21 - -22) - 15?
18
What is the value of 28 + (-50 - -19) - 11?
-14
Evaluate 5 + -1 + 0 + (-15 - -28).
17
What is the value of -3 - -5 - (8 - (3 + 1))?
-2
What is the value of 13 - (36 - 52 - (0 + -12))?
17
Calculate -22 + 19 - (-6 + 5).
-2
Calculate (1 - 1) + -283 + 322.
39
Evaluate 43 + -52 - (8 - (-4 + -2 + 7)).
-16
Calculate (-4 - -18) + 16 + -36 + 34.
28
Evaluate -1 - (24 + -7 + (-5 - -5)).
-18
3 - (-3 + -14) - (-357 - -341)
36
What is -28 - (-20 + (21 + -18 - -20))?
-31
Evaluate (-17 + 22 - 6) + 10.
9
Evaluate -12 + 2 - (-23 + (-11 - 19) + 21).
22
Evaluate -20 + (-11 + -4 - -25).
-10
-17 + (14 - -14) + -30
-19
What is -3 + (1 - -8) + -4 + 9?
11
What is -3 - (96 + -87 - (7 - 2))?
-7
Calculate 23 + -15 + 8 + -6.
10
What is -14 + 2 + -101 + 110?
-3
What is 3 + -5 + -2 - (88 - 100)?
8
Calculate -9 - (9 - 5) - -16.
3
Evaluate -24 + (51 - 46 - (5 + -2 - 0)).
-22
What is 2 - (-7 + 17 + -9 - -4)?
-3
Calculate -1 + -6 + (20 + -15 - 4).
-6
Evaluate (-11 + 8 - -5 - -2) + (-16 - 2).
-14
Calculate 3 + -2 - (-10 - (-16 - (-1 + -4))).
0
What is the value of 7 + -7 + 8 - 1?
7
Evaluate 284 + -298 - (2 + -16).
0
3 + 10 + 6 + -28
-9
What is (-1 - (-47 + 59)) + -1 + 43?
29
Evaluate -10 + 3 - (-29 + (-4 - -8)).
18
What is the value of 3 - (-15 - (-35 + 14))?
-3
What is the value of 1 - -3 - (-4 + 10 + 15)?
-17
What is the value of 4 + -1 - (49 + (-48 - -15))?
-13
What is the value of (-1 - 1) + (2 - (-9 - -6) - -6)?
9
-7 - (14 + -26 - -19)
-14
Evaluate 19 - (7 - -33) - -10.
-11
What is the value of -20 + (18 - (2 - -8 - -1))?
-13
What is 13 + (11 + -2 - 31)?
-9
-4 + (1 - ((4 - 9) + 3 + -1))
0
Evaluate -1 - (-1 + -2 + -12 - 13).
27
What is 2 + 3 + 14 + -20?
-1
Calculate 11 - (-12 + -10) - ((-4 - 2) + 4).
35
What is 55 - 51 - (17 + -2)?
-11
What is the value of 7 + -2 + (0 - 2)?
3
What is the value of 28 + -8 + 8 + -4 + -5 + 4?
23
8 + -2 - (16 - (-5 + 21))
6
Evaluate -75 + 77 - (4 - 0 - 0) - 8.
-10
What is the value of 4 + (7 + -2 - 1) - (7 + -8)?
9
13 + 5 + -26 + 9
1
Calculate 30 - (11 - (-18 - 40)).
-39
Evaluate -9 - -12 - ((33 - 0) + 91 + -102).
-19
What is the value of (-1 - -25) + 2 - 54?
-28
What is the value of (-20 - -17 - -24) + (12 - (0 + 0))?
33
Evaluate -17 + 21 - (2 - 0 - -3).
-1
Evaluate -1 + (-30 - (8 + -34)).
-5
What is the value of (163 - 181) + (2 - -9) - -35?
28
What is -1035 - -1067 - (10 + -1 - -1)?
22
Calculate -16 + 57 - -10 - 22.
29
Evaluate -10 